me number?
False
Is 19031 composite?
False
Is 1214849 prime?
True
Is 380777 a composite number?
False
Is 49291 a prime number?
False
Is 745 composite?
True
Is 1099 a composite number?
True
Is 7438 composite?
True
Is 6487187 a composite number?
True
Is 1342849 a prime number?
True
Is 45874 prime?
False
Is 12763 composite?
False
Is 10037 a composite number?
False
Is 126523 composite?
True
Is 17473 a prime number?
False
Is 116371 a composite number?
False
Is 1232999 a composite number?
False
Is 125323 composite?
True
Is 160945 a prime number?
False
Is 114531 a composite number?
True
Is 178091 composite?
False
Is 466234 a composite number?
True
Is 101693 a composite number?
False
Is 23033 a composite number?
True
Is 224167 a prime number?
False
Is 81247 prime?
False
Is 14047 prime?
False
Is 106883 a prime number?
False
Is 662518 a prime number?
False
Is 356243 a prime number?
True
Is 103053 a composite number?
True
Is 28787 prime?
False
Is 1903 prime?
False
Is 53951 prime?
True
Is 242129 prime?
True
Is 10841 composite?
True
Is 4063843 composite?
True
Is 141023 prime?
True
Is 36209 a prime number?
True
Is 4621 composite?
False
Is 24223 prime?
True
Is 75343 a prime number?
False
Is 54767 a prime number?
True
Is 41429 a prime number?
False
Is 5297 prime?
True
Is 27997 composite?
False
Is 27361 composite?
False
Is 10821 composite?
True
Is 1140751 a composite number?
True
Is 669 a prime number?
False
Is 3437 composite?
True
Is 802981 prime?
False
Is 545203 a composite number?
False
Is 979 a prime number?
False
Is 2579 prime?
True
Is 19741 prime?
False
Is 32561 composite?
False
Is 3647 a composite number?
True
Is 330767 a prime number?
True
Is 169739 composite?
True
Is 17231 composite?
False
Is 830041 prime?
True
Is 353767 prime?
True
Is 21857 prime?
False
Is 106549 prime?
False
Is 11678 composite?
True
Is 45179 a composite number?
False
Is 91867 composite?
False
Is 739 composite?
False
Is 5513827 prime?
False
Is 604589 a prime number?
True
Is 25859 composite?
True
Is 876431 a composite number?
False
Is 1081 a composite number?
True
Is 1257 prime?
False
Is 69553 prime?
False
Is 125497 composite?
False
Is 556961 a prime number?
False
Is 3603 composite?
True
Is 30727 composite?
False
Is 15641 a prime number?
True
Is 328903 a composite number?
True
Is 223 a composite number?
False
Is 271577 prime?
False
Is 56489 prime?
True
Is 10171 prime?
False
Is 529387 composite?
True
Is 13045 a composite number?
True
Is 311533 prime?
True
Is 142657 composite?
False
Is 20203 composite?
True
Is 3967 prime?
True
Is 774427 composite?
False
Is 578297 composite?
False
Is 3037 prime?
True
Is 1037 composite?
True
Is 34583 a prime number?
True
Is 4754741 a composite number?
False
Is 159781 prime?
False
Is 786407 prime?
True
Is 321889 a composite number?
False
Is 156671 a composite number?
False
Is 35779 a composite number?
True
Is 7957 composite?
True
Is 3007 prime?
False
Is 1681805 a prime number?
False
Is 519799 prime?
False
Is 47999 a prime number?
False
Is 95777 a prime number?
False
Is 1106069 a composite number?
False
Is 3713 a prime number?
False
Is 138017 composite?
True
Is 63763 prime?
False
Is 10351 a composite number?
True
Is 1123613 prime?
False
Is 16009 a composite number?
True
Is 37079 composite?
True
Is 77681 a composite number?
False
Is 10997 prime?
False
Is 3314 prime?
False
Is 14519 prime?
True
Is 7121 a prime number?
True
Is 698794 composite?
True
Is 5941 prime?
False
Is 14087 composite?
False
Is 145615 a prime number?
False
Is 205217 a prime number?
False
Is 179381 a composite number?
False
Is 84957 prime?
False
Is 15209 composite?
True
Is 47111 prime?
True
Is 6547 a prime number?
True
Is 1266869 a composite number?
False
Is 583007 prime?
True
Is 1317629 prime?
True
Is 480067 composite?
True
Is 774217 a prime number?
True
Is 377 a prime number?
False
Is 47041 prime?
True
Is 164717 prime?
False
Is 10651 a composite number?
False
Is 8419 a prime number?
True
Is 61849 a prime number?
False
Is 10361 a composite number?
True
Is 7711 a composite number?
True
Is 37691 a composite number?
False
Is 5602 prime?
False
Is 169997 a prime number?
False
Is 1356851 composite?
True
Is 227729 a prime number?
True
Is 2638 a composite number?
True
Is 13522 composite?
True
Is 3085 a prime number?
False
Is 7817 a prime number?
True
Is 2571665 a prime number?
False
Is 45007 prime?
True
Is 1042 a prime number?
False
Is 20729 prime?
False
Is 185051 a composite number?
False
Is 60493 prime?
True
Is 6179 composite?
True
Is 851727 prime?
False
Is 293487 prime?
False
Is 45659 a prime number?
True
Is 756022 prime?
False
Is 54919 a composite number?
False
Is 9619 composite?
False
Is 154461 prime?
False
Is 737411 a prime number?
True
Is 2707 a composite number?
False
Is 395231 composite?
False
Is 753341 composite?
False
Is 165962 a composite number?
True
Is 4547 a composite number?
False
Is 185273 prime?
False
Is 7321 composite?
False
Is 214163 composite?
False
Is 293 prime?
True
Is 19961 prime?
True
Is 3635 composite?
True
Is 890881 composite?
False
Is 15187 a prime number?
True
Is 8147 a composite number?
False
Is 3631841 a prime number?
True
Is 1164853 a prime number?
True
Is 298559 a prime number?
True
Is 72829 prime?
False
Is 28331 a composite number?
True
Is 233 prime?
True
Is 885922 prime?
False
Is 199349 a prime number?
False
Is 64297 a composite number?
True
Is 407471 composite?
False
Is 35171 a prime number?
True
Is 372049 a prime number?
True
Is 1502 a composite number?
True
Is 1477 prime?
False
Is 253501 composite?
False
Is 350503 prime?
True
Is 12605 composite?
True
Is 83 a prime number?
True
Is 4253 a composite number?
False
Is 4889 composite?
False
Is 436729 composite?
False
Is 55997 composite?
False
Is 492022 a composite number?
True
Is 24847 a composite number?
False
Is 37781 composite?
False
Is 118438 composite?
True
Is 991867 a prime number?
True
Is 1694533 a composite number?
False
Is 162413 composite?
False
Is 1567 a prime number?
True
Is 39965 prime?
False
Is 14431 composite?
False
Is 3251 composite?
False
Is 430411 a prime number?
True
Is 125131 prime?
True
Is 2537 a prime number?
False
Is 7451 prime?
True
Is 115171 a composite number?
True
Is 57719 composite?
False
Is 22961 composite?
False
Is 89027 composite?
True
Is 253733 prime?
True
Is 19013 a prime number?
True
Is 5758 composite?
True
Is 1151 a composite number?
False
Is 10358 prime?
False
Is 15053 prime?
True
Is 2497 a prime number?
False
Is 75053 composite?
True
Is 14029 composite?
False
Is 621983 a composite number?
False
Is 3198971 a composite number?
True
Is 53987 a prime number?
True
Is 7241 a composite number?
True
Is 8051 composite?
True
Is 1477153 a composite number?
True
Is 1700371 composite?
False
Is 62119 prime?
True
Is 9287 a composite number?
True
Is 42871 a prime number?
False
Is 597047 a prime number?
False
Is 1223057 composite?
True
Is 31397 a composite number?
False
Is 51109 prime?
True
Is 524397 prime?
False
Is 1716457 a composite number?
False
Is 70271 composite?
False
Is 32707 a prime number?
True
Is 23341 composite?
True
Is 53299 a prime number?
True
Is 20122 prime?
False
Is 24317 a composite number?
False
Is 42977 prime?
False
Is 4187 prime?
False
Is 50177 composite?
False
Is 356093 composite?
False
Is 1428443 a composite number?
True
Is 67679 a composite number?
False
Is 204635 composite?
True
Is 54251 a composite number?
False
Is 99961 a composite number?
False
Is 127637 prime?
True
Is 12293 a prime number?
False
Is 556981 composite?
False
Is 245903 prime?
False
Is 524054 a composite number?
True
Is 12791 a composite number?
False
Is 44249 composite?
False
Is 4143 prime?
False
Is 964921 a composite number?
True
Is 13319 prime?
False
Is 4861 composite?
False
Is 163307 a composite number?
False
Is 1376773 a prime number?
True
Is 83857 a prime number?
True
Is 78718 prime?
False
Is 73709 composite?
False
Is 144767 prime?
False
Is 4727 composite?
True
Is 14849 composite?
True
Is 151937 a composite number?
False
Is 30971 a composite number?
False
Is 37397 prime?
True
Is 874255 a prime number?
False
Is 367643 prime?
False
Is 83197 prime?
False
Is 677927 a prime number?
True
Is 1462691 prime?
True
Is 3763 a prime number?
False
Is 11579 a composite number?
False
Is 2632163 a prime number?
T